{"id":8514,"date":"2017-07-31T06:52:56","date_gmt":"2017-07-31T06:52:56","guid":{"rendered":"https:\/\/www.sonnengarten-ruhstorf.de\/?page_id=8514"},"modified":"2019-10-08T12:56:18","modified_gmt":"2019-10-08T10:56:18","slug":"kontakt","status":"publish","type":"page","link":"https:\/\/www.sonnengarten-ruhstorf.de\/index.php\/kontakt\/","title":{"rendered":"Kontakt"},"content":{"rendered":"<div class=\"wpb-content-wrapper\"><p>[vc_row full_width=&#8220;stretch_row_content_no_spaces&#8220; css=&#8220;.vc_custom_1501484173034{margin-top: -80px !important;}&#8220;][vc_column][vc_gmaps link=&#8220;#E-8_JTNDaWZyYW1lJTIwc3JjJTNEJTIyaHR0cHMlM0ElMkYlMkZ3d3cuZ29vZ2xlLmNvbSUyRm1hcHMlMkZlbWJlZCUzRnBiJTNEJTIxMW0xOCUyMTFtMTIlMjExbTMlMjExZDI2NDcuMDg4Mzc4NTg5ODM4JTIxMmQxMy4zMzk4NTEzMTU5MzMxOCUyMTNkNDguNDM1NjQzNTM4MzMyMjclMjEybTMlMjExZjAlMjEyZjAlMjEzZjAlMjEzbTIlMjExaTEwMjQlMjEyaTc2OCUyMTRmMTMuMSUyMTNtMyUyMTFtMiUyMTFzMHg0Nzc0NWFkMGIyYzFmOWY5JTI1M0EweDc3NWI5ODc0OGVhMGExNjQlMjEyc0hhdXMlMkJTb25uZW5nYXJ0ZW4lMjE1ZTAlMjEzbTIlMjExc2RlJTIxMnNkZSUyMTR2MTU1OTU3Mzg2NjQxMCUyMTVtMiUyMTFzZGUlMjEyc2RlJTIyJTIwd2lkdGglM0QlMjIxMDAlMjUlMjIlMjBoZWlnaHQlM0QlMjI1NTAlMjIlMjBmcmFtZWJvcmRlciUzRCUyMjAlMjIlMjBzdHlsZSUzRCUyMmJvcmRlciUzQTAlMjIlMjBhbGxvd2Z1bGxzY3JlZW4lM0UlM0MlMkZpZnJhbWUlM0U=&#8220;][\/vc_column][\/vc_row][vc_row full_width=&#8220;stretch_row_content_no_spaces&#8220; disable_element=&#8220;yes&#8220; css=&#8220;.vc_custom_1559573964091{margin-top: -80px !important;}&#8220;][vc_column]<div id=\"responsive_map-1108576801\" class=\"responsive-map\" style=\"height:500px;width:100%;\"><\/div>\t\t<script type=\"text\/javascript\">\r\n\t\t\tjQuery(document).ready(function($){\r\n\r\n\t\t\t\tvar mapdiv = jQuery(\"#responsive_map-1108576801\");\r\n\t\t\t\tmapdiv.gMap({\r\n\t\t\t\t\tmaptype: google.maps.MapTypeId.ROADMAP,\r\n\t\t\t\t\tzoom: 12,\r\n\t\t\t\t\tlatitude: null,\r\n\t\t\t\t\tlongitude: null,\r\n\t\t\t\t\tstreetViewControl:true,\r\n\t\t\t\t\tmapTypeControl:true,\r\n\t\t\t\t\tzoomControl:true,\r\n\t\t\t\t\tscaleControl:false,\r\n\t\t\t\t\tscrollwheel:true,\r\n\t\t\t\t\tdraggable:true,\r\n\t\t\t\t\tstyles:[{\"stylers\":[{\"featureType\":\"all\"}]}],\r\n\t\t\t\t\tmarkers: [{flat: true,key:\"1\",latitude:\"11.017431\",longitude:\"76.955903\",icon: { image:\"https:\/\/www.sonnengarten-ruhstorf.de\/wp-content\/plugins\/designthemes-core-features\/shortcodes\/images\/markers\/pin.png\" },},{flat: true,key:\"2\",latitude:\"11.02005\",longitude:\"77.04643\",icon: { image:\"https:\/\/www.sonnengarten-ruhstorf.de\/wp-content\/plugins\/designthemes-core-features\/shortcodes\/images\/markers\/pin.png\" },},{flat: true,key:\"3\",latitude:\"11.02005\",longitude:\"76.89811\",icon: { image:\"https:\/\/www.sonnengarten-ruhstorf.de\/wp-content\/plugins\/designthemes-core-features\/shortcodes\/images\/markers\/pin.png\" },}],\r\n\t\t\t\t\tpanControl: true,\r\n\t\t\t\t\toverviewMapControl:true,\r\n\t\t\t\t});\r\n\t\t\t});\r\n\t\t<\/script>[\/vc_column][\/vc_row][vc_row disable_element=&#8220;yes&#8220;][vc_column]<div class=\"ult-spacer spacer-69fc61d6db20c\" data-id=\"69fc61d6db20c\" data-height=\"50\" data-height-mobile=\"50\" data-height-tab=\"50\" data-height-tab-portrait=\"50\" data-height-mobile-landscape=\"50\" style=\"clear:both;display:block;\"><\/div>[\/vc_column][\/vc_row][vc_row disable_element=&#8220;yes&#8220;][vc_column width=&#8220;5\/12&#8243; el_class=&#8220;rs_col-sm-12&#8243;]<div class='dt-sc-title script-with-sub-title '><h2><\/h2><h3>Toll <strong>Free Numbers<\/strong><\/h3><\/div><ul class='dt-sc-fancy-list  black  mobile'>\n<li><strong>United States:<\/strong> +91 1234 567 890<\/li>\n<li><strong>China:<\/strong> +91 1234 567 890<\/li>\n<li><strong>Germany:<\/strong> +91 1234 567 890<\/li>\n<li><strong>United Kingdom:<\/strong> +91 1234 567 890<\/li>\n<li><strong>France:<\/strong> +91 1234 567 890<\/li>\n<li><strong>India:<\/strong> +91 1234 567 890<\/li>\n<li><strong>Brazil:<\/strong> +91 1234 567 890<\/li>\n<\/ul>[\/vc_column][vc_column width=&#8220;1\/12&#8243; el_class=&#8220;rs_col-sm-12&#8243;][\/vc_column][vc_column width=&#8220;1\/2&#8243; el_class=&#8220;rs_col-sm-12&#8243;]<div class='dt-sc-title script-with-sub-title '><h2><\/h2><h3>Enquiry <strong>Form<\/strong><\/h3><\/div>\n<div class=\"wpcf7 no-js\" id=\"wpcf7-f8569-o1\" lang=\"en-US\" dir=\"ltr\" data-wpcf7-id=\"8569\">\n<div class=\"screen-reader-response\"><p role=\"status\" aria-live=\"polite\" aria-atomic=\"true\"><\/p> <ul><\/ul><\/div>\n<form action=\"\/index.php\/wp-json\/wp\/v2\/pages\/8514#wpcf7-f8569-o1\" method=\"post\" class=\"wpcf7-form init\" aria-label=\"Contact form\" novalidate=\"novalidate\" data-status=\"init\">\n<fieldset class=\"hidden-fields-container\"><input type=\"hidden\" name=\"_wpcf7\" value=\"8569\" \/><input type=\"hidden\" name=\"_wpcf7_version\" value=\"6.1.3\" \/><input type=\"hidden\" name=\"_wpcf7_locale\" value=\"en_US\" \/><input type=\"hidden\" name=\"_wpcf7_unit_tag\" value=\"wpcf7-f8569-o1\" \/><input type=\"hidden\" name=\"_wpcf7_container_post\" value=\"0\" \/><input type=\"hidden\" name=\"_wpcf7_posted_data_hash\" value=\"\" \/>\n<\/fieldset>\n<p>[vc_row][vc_column width=\"1\/2\"]<span class=\"wpcf7-form-control-wrap\" data-name=\"vorname\"><input size=\"40\" maxlength=\"400\" class=\"wpcf7-form-control wpcf7-text wpcf7-validates-as-required\" aria-required=\"true\" aria-invalid=\"false\" placeholder=\"Vorname\" value=\"\" type=\"text\" name=\"vorname\" \/><\/span>[\/vc_column][vc_column width=\"1\/2\"]<span class=\"wpcf7-form-control-wrap\" data-name=\"nachname\"><input size=\"40\" maxlength=\"400\" class=\"wpcf7-form-control wpcf7-text wpcf7-validates-as-required\" aria-required=\"true\" aria-invalid=\"false\" placeholder=\"Nachname\" value=\"\" type=\"text\" name=\"nachname\" \/><\/span>[\/vc_column][vc_empty_space height=\"30px\"]<div class='dt-sc-clear '> <\/div>[vc_column width=\"1\/2\"]<span class=\"wpcf7-form-control-wrap\" data-name=\"your-email\"><input size=\"40\" maxlength=\"400\" class=\"wpcf7-form-control wpcf7-email wpcf7-validates-as-required wpcf7-text wpcf7-validates-as-email\" aria-required=\"true\" aria-invalid=\"false\" placeholder=\"E-Mail\" value=\"\" type=\"email\" name=\"your-email\" \/><\/span>[\/vc_column][vc_column\" width=\"1\/2\"]<span class=\"wpcf7-form-control-wrap\" data-name=\"telnummer\"><input size=\"40\" maxlength=\"400\" class=\"wpcf7-form-control wpcf7-tel wpcf7-text wpcf7-validates-as-tel\" aria-invalid=\"false\" placeholder=\"Telefonnummer\" value=\"\" type=\"tel\" name=\"telnummer\" \/><\/span>[\/vc_column][vc_empty_space height=\"30px\"]<div class='dt-sc-clear '> <\/div>[vc_column]<span class=\"wpcf7-form-control-wrap\" data-name=\"your-message\"><textarea cols=\"40\" rows=\"10\" maxlength=\"2000\" class=\"wpcf7-form-control wpcf7-textarea\" aria-invalid=\"false\" placeholder=\"Ihre Nachricht\" name=\"your-message\"><\/textarea><\/span>[vc_empty_space height=\"30px\"]<span class=\"wpcf7-form-control-wrap\" data-name=\"datenschutz\"><span class=\"wpcf7-form-control wpcf7-checkbox wpcf7-validates-as-required\"><span class=\"wpcf7-list-item first last\"><input type=\"checkbox\" name=\"datenschutz[]\" value=\"Ich stimme zu, dass meine Angaben und Daten zur Beantwortung meiner Anfrage elektronisch erhoben und gespeichert werden. Sie haben die Datenschutzerkl\u00e4rung zur Kenntnis genommen und k\u00f6nnen Ihre Einwilligung jederzeit f\u00fcr die Zukunft per Mail an info@sonnengarten-ruhstorf.de widerrufen.\" \/><span class=\"wpcf7-list-item-label\">Ich stimme zu, dass meine Angaben und Daten zur Beantwortung meiner Anfrage elektronisch erhoben und gespeichert werden. Sie haben die Datenschutzerkl\u00e4rung zur Kenntnis genommen und k\u00f6nnen Ihre Einwilligung jederzeit f\u00fcr die Zukunft per Mail an info@sonnengarten-ruhstorf.de widerrufen.<\/span><\/span><\/span><\/span><input class=\"wpcf7-form-control wpcf7-submit has-spinner\" type=\"submit\" value=\"senden\" \/>[\/vc_column][\/vc_row]\n<\/p><div class=\"wpcf7-response-output\" aria-hidden=\"true\"><\/div>\n<\/form>\n<\/div>\n[\/vc_column][\/vc_row][vc_row full_width=&#8220;stretch_row&#8220; bg_type=&#8220;image&#8220; parallax_style=&#8220;vcpb-default&#8220; bg_image_new=&#8220;id^9000|url^https:\/\/www.sonnengarten-ruhstorf.de\/wp-content\/uploads\/2019\/05\/HIGRUDamemitPflegerin2000x700.jpg|caption^null|alt^null|title^HIGRUDamemitPflegerin2000x700|description^null&#8220; bg_image_repeat=&#8220;no-repeat&#8220; bg_img_attach=&#8220;fixed&#8220; el_class=&#8220;vcr_float_right&#8220; css=&#8220;.vc_custom_1559574150658{margin-top: -50px !important;}&#8220;][vc_column]<div class=\"ult-spacer spacer-69fc61d6dc48d\" data-id=\"69fc61d6dc48d\" data-height=\"100\" data-height-mobile=\"50\" data-height-tab=\"80\" data-height-tab-portrait=\"80\" data-height-mobile-landscape=\"50\" style=\"clear:both;display:block;\"><\/div><div class='dt-sc-title script-with-sub-title '><h6>Wir beraten Sie gerne umfassend:<\/h6><h4>Schreiben Sie uns <strong>wir helfen gerne weiter.<\/strong><\/h4><\/div><div class=\"ult-spacer spacer-69fc61d6dc4ab\" data-id=\"69fc61d6dc4ab\" data-height=\"40\" data-height-mobile=\"20\" data-height-tab=\"30\" data-height-tab-portrait=\"30\" data-height-mobile-landscape=\"20\" style=\"clear:both;display:block;\"><\/div>[vc_row_inner][vc_column_inner el_class=&#8220;rs_col-sm-9&#8243; width=&#8220;1\/2&#8243;]\n<div class=\"wpcf7 no-js\" id=\"wpcf7-f8569-o2\" lang=\"en-US\" dir=\"ltr\" data-wpcf7-id=\"8569\">\n<div class=\"screen-reader-response\"><p role=\"status\" aria-live=\"polite\" aria-atomic=\"true\"><\/p> <ul><\/ul><\/div>\n<form action=\"\/index.php\/wp-json\/wp\/v2\/pages\/8514#wpcf7-f8569-o2\" method=\"post\" class=\"wpcf7-form init dt-sc-query-form\" aria-label=\"Contact form\" novalidate=\"novalidate\" data-status=\"init\">\n<fieldset class=\"hidden-fields-container\"><input type=\"hidden\" name=\"_wpcf7\" value=\"8569\" \/><input type=\"hidden\" name=\"_wpcf7_version\" value=\"6.1.3\" \/><input type=\"hidden\" name=\"_wpcf7_locale\" value=\"en_US\" \/><input type=\"hidden\" name=\"_wpcf7_unit_tag\" value=\"wpcf7-f8569-o2\" \/><input type=\"hidden\" name=\"_wpcf7_container_post\" value=\"0\" \/><input type=\"hidden\" name=\"_wpcf7_posted_data_hash\" value=\"\" \/>\n<\/fieldset>\n<p>[vc_row][vc_column width=\"1\/2\"]<span class=\"wpcf7-form-control-wrap\" data-name=\"vorname\"><input size=\"40\" maxlength=\"400\" class=\"wpcf7-form-control wpcf7-text wpcf7-validates-as-required\" aria-required=\"true\" aria-invalid=\"false\" placeholder=\"Vorname\" value=\"\" type=\"text\" name=\"vorname\" \/><\/span>[\/vc_column][vc_column width=\"1\/2\"]<span class=\"wpcf7-form-control-wrap\" data-name=\"nachname\"><input size=\"40\" maxlength=\"400\" class=\"wpcf7-form-control wpcf7-text wpcf7-validates-as-required\" aria-required=\"true\" aria-invalid=\"false\" placeholder=\"Nachname\" value=\"\" type=\"text\" name=\"nachname\" \/><\/span>[\/vc_column][vc_empty_space height=\"30px\"]<div class='dt-sc-clear '> <\/div>[vc_column width=\"1\/2\"]<span class=\"wpcf7-form-control-wrap\" data-name=\"your-email\"><input size=\"40\" maxlength=\"400\" class=\"wpcf7-form-control wpcf7-email wpcf7-validates-as-required wpcf7-text wpcf7-validates-as-email\" aria-required=\"true\" aria-invalid=\"false\" placeholder=\"E-Mail\" value=\"\" type=\"email\" name=\"your-email\" \/><\/span>[\/vc_column][vc_column\" width=\"1\/2\"]<span class=\"wpcf7-form-control-wrap\" data-name=\"telnummer\"><input size=\"40\" maxlength=\"400\" class=\"wpcf7-form-control wpcf7-tel wpcf7-text wpcf7-validates-as-tel\" aria-invalid=\"false\" placeholder=\"Telefonnummer\" value=\"\" type=\"tel\" name=\"telnummer\" \/><\/span>[\/vc_column][vc_empty_space height=\"30px\"]<div class='dt-sc-clear '> <\/div>[vc_column]<span class=\"wpcf7-form-control-wrap\" data-name=\"your-message\"><textarea cols=\"40\" rows=\"10\" maxlength=\"2000\" class=\"wpcf7-form-control wpcf7-textarea\" aria-invalid=\"false\" placeholder=\"Ihre Nachricht\" name=\"your-message\"><\/textarea><\/span>[vc_empty_space height=\"30px\"]<span class=\"wpcf7-form-control-wrap\" data-name=\"datenschutz\"><span class=\"wpcf7-form-control wpcf7-checkbox wpcf7-validates-as-required\"><span class=\"wpcf7-list-item first last\"><input type=\"checkbox\" name=\"datenschutz[]\" value=\"Ich stimme zu, dass meine Angaben und Daten zur Beantwortung meiner Anfrage elektronisch erhoben und gespeichert werden. Sie haben die Datenschutzerkl\u00e4rung zur Kenntnis genommen und k\u00f6nnen Ihre Einwilligung jederzeit f\u00fcr die Zukunft per Mail an info@sonnengarten-ruhstorf.de widerrufen.\" \/><span class=\"wpcf7-list-item-label\">Ich stimme zu, dass meine Angaben und Daten zur Beantwortung meiner Anfrage elektronisch erhoben und gespeichert werden. Sie haben die Datenschutzerkl\u00e4rung zur Kenntnis genommen und k\u00f6nnen Ihre Einwilligung jederzeit f\u00fcr die Zukunft per Mail an info@sonnengarten-ruhstorf.de widerrufen.<\/span><\/span><\/span><\/span><input class=\"wpcf7-form-control wpcf7-submit has-spinner\" type=\"submit\" value=\"senden\" \/>[\/vc_column][\/vc_row]\n<\/p><div class=\"wpcf7-response-output\" aria-hidden=\"true\"><\/div>\n<\/form>\n<\/div>\n[\/vc_column_inner][vc_column_inner width=&#8220;1\/2&#8243; offset=&#8220;vc_hidden-md vc_hidden-sm vc_hidden-xs&#8220; css=&#8220;.vc_custom_1558971636025{background-image: url(https:\/\/www.sonnengarten-ruhstorf.de\/wp-content\/uploads\/2019\/05\/HIGRUDamemitPflegerin2000x700.jpg?id=9000) !important;}&#8220;][\/vc_column_inner][\/vc_row_inner]<div class=\"ult-spacer spacer-69fc61d6dd169\" data-id=\"69fc61d6dd169\" data-height=\"100\" data-height-mobile=\"50\" data-height-tab=\"80\" data-height-tab-portrait=\"80\" data-height-mobile-landscape=\"50\" style=\"clear:both;display:block;\"><\/div>[\/vc_column][\/vc_row][vc_row full_width=&#8220;stretch_row_content_no_spaces&#8220; equal_height=&#8220;yes&#8220; content_placement=&#8220;middle&#8220; parallax=&#8220;content-moving&#8220; parallax_image=&#8220;9347&#8243; bg_type=&#8220;image&#8220; parallax_style=&#8220;vcpb-default&#8220; bg_image_repeat=&#8220;no-repeat&#8220; bg_img_attach=&#8220;fixed&#8220;][vc_column width=&#8220;1\/2&#8243; el_class=&#8220;dt-sc-quaternary-skin-highlight no-margin&#8220;]<div class=\"ult-spacer spacer-69fc61d6dd176\" data-id=\"69fc61d6dd176\" data-height=\"50\" data-height-mobile=\"50\" data-height-tab=\"50\" data-height-tab-portrait=\"\" data-height-mobile-landscape=\"\" style=\"clear:both;display:block;\"><\/div><div class='dt-sc-title script-with-sub-title aligncenter'><h6>Wir zeigen Ihnen gerne das Haus und unseren sch\u00f6nen Garten<\/h6><h2>Besuchen Sie <strong>uns<\/strong><\/h2><\/div><div class=\"ult-spacer spacer-69fc61d6dd18d\" data-id=\"69fc61d6dd18d\" data-height=\"30\" data-height-mobile=\"30\" data-height-tab=\"30\" data-height-tab-portrait=\"\" data-height-mobile-landscape=\"\" style=\"clear:both;display:block;\"><\/div>[\/vc_column][vc_column width=&#8220;1\/2&#8243; css=&#8220;.vc_custom_1501849674193{padding-top: 0px !important;padding-right: 12% !important;padding-bottom: 10% !important;padding-left: 10% !important;}&#8220; el_class=&#8220;dt-sc-skin-highlight dt-sc-dark-bg no-margin&#8220;]<div class=\"ult-spacer spacer-69fc61d6dd194\" data-id=\"69fc61d6dd194\" data-height=\"100\" data-height-mobile=\"100\" data-height-tab=\"100\" data-height-tab-portrait=\"\" data-height-mobile-landscape=\"\" style=\"clear:both;display:block;\"><\/div><div class='dt-sc-testimonial-wrapper carousel_items type1 ' data-animation='scroll'><ul class=\"dt-sc-testimonial-carousel\"><li><div class='dt-sc-testimonial type1 '><div class=\"dt-sc-testimonial-author\"><\/cite><\/div><div class=\"dt-sc-testimonial-quote\"><blockquote> <q>Lassen Sie sich vor Ort von unserem freundlichen Wohnambiente mit gro\u00dfem Garten \u00fcberzeugen und lernen Sie uns kennen. Nat\u00fcrlich stehen wir Ihnen auch jederzeit gerne telefonisch f\u00fcr Fragen zur Verf\u00fcgung und unterst\u00fctzen Sie in finanziellen Belangen.<\/q> <\/blockquote><\/div><\/div><\/li><\/ul><div class=\"carousel-arrows\">\t<a href=\"#\" class=\"testimonial-prev\"> <\/a>\t<a href=\"#\" class=\"testimonial-next\"> <\/a><\/div><\/div><div class=\"ult-spacer spacer-69fc61d6dd211\" data-id=\"69fc61d6dd211\" data-height=\"70\" data-height-mobile=\"70\" data-height-tab=\"70\" data-height-tab-portrait=\"\" data-height-mobile-landscape=\"\" style=\"clear:both;display:block;\"><\/div>[\/vc_column][\/vc_row]<\/p>\n<\/div>","protected":false},"excerpt":{"rendered":"<p>[vc_row full_width=&#8220;stretch_row_content_no_spaces&#8220; css=&#8220;.vc_custom_1501484173034{margin-top: -80px !important;}&#8220;][vc_column][vc_gmaps link=&#8220;#E-8_JTNDaWZyYW1lJTIwc3JjJTNEJTIyaHR0cHMlM0ElMkYlMkZ3d3cuZ29vZ2xlLmNvbSUyRm1hcHMlMkZlbWJlZCUzRnBiJTNEJTIxMW0xOCUyMTFtMTIlMjExbTMlMjExZDI2NDcuMDg4Mzc4NTg5ODM4JTIxMmQxMy4zMzk4NTEzMTU5MzMxOCUyMTNkNDguNDM1NjQzNTM4MzMyMjclMjEybTMlMjExZjAlMjEyZjAlMjEzZjAlMjEzbTIlMjExaTEwMjQlMjEyaTc2OCUyMTRmMTMuMSUyMTNtMyUyMTFtMiUyMTFzMHg0Nzc0NWFkMGIyYzFmOWY5JTI1M0EweDc3NWI5ODc0OGVhMGExNjQlMjEyc0hhdXMlMkJTb25uZW5nYXJ0ZW4lMjE1ZTAlMjEzbTIlMjExc2RlJTIxMnNkZSUyMTR2MTU1OTU3Mzg2NjQxMCUyMTVtMiUyMTFzZGUlMjEyc2RlJTIyJTIwd2lkdGglM0QlMjIxMDAlMjUlMjIlMjBoZWlnaHQlM0QlMjI1NTAlMjIlMjBmcmFtZWJvcmRlciUzRCUyMjAlMjIlMjBzdHlsZSUzRCUyMmJvcmRlciUzQTAlMjIlMjBhbGxvd2Z1bGxzY3JlZW4lM0UlM0MlMkZpZnJhbWUlM0U=&#8220;][\/vc_column][\/vc_row][vc_row full_width=&#8220;stretch_row_content_no_spaces&#8220; disable_element=&#8220;yes&#8220; css=&#8220;.vc_custom_1559573964091{margin-top: -80px !important;}&#8220;][vc_column][\/vc_column][\/vc_row][vc_row disable_element=&#8220;yes&#8220;][vc_column][\/vc_column][\/vc_row][vc_row disable_element=&#8220;yes&#8220;][vc_column width=&#8220;5\/12&#8243; el_class=&#8220;rs_col-sm-12&#8243;][\/vc_column][vc_column width=&#8220;1\/12&#8243; el_class=&#8220;rs_col-sm-12&#8243;][\/vc_column][vc_column width=&#8220;1\/2&#8243; el_class=&#8220;rs_col-sm-12&#8243;][\/vc_column][\/vc_row][vc_row full_width=&#8220;stretch_row&#8220; bg_type=&#8220;image&#8220; parallax_style=&#8220;vcpb-default&#8220; bg_image_new=&#8220;id^9000|url^https:\/\/www.sonnengarten-ruhstorf.de\/wp-content\/uploads\/2019\/05\/HIGRUDamemitPflegerin2000x700.jpg|caption^null|alt^null|title^HIGRUDamemitPflegerin2000x700|description^null&#8220; bg_image_repeat=&#8220;no-repeat&#8220; bg_img_attach=&#8220;fixed&#8220; el_class=&#8220;vcr_float_right&#8220; css=&#8220;.vc_custom_1559574150658{margin-top: -50px !important;}&#8220;][vc_column][vc_row_inner][vc_column_inner el_class=&#8220;rs_col-sm-9&#8243; width=&#8220;1\/2&#8243;][\/vc_column_inner][vc_column_inner width=&#8220;1\/2&#8243; offset=&#8220;vc_hidden-md vc_hidden-sm vc_hidden-xs&#8220; css=&#8220;.vc_custom_1558971636025{background-image: url(https:\/\/www.sonnengarten-ruhstorf.de\/wp-content\/uploads\/2019\/05\/HIGRUDamemitPflegerin2000x700.jpg?id=9000) !important;}&#8220;][\/vc_column_inner][\/vc_row_inner][\/vc_column][\/vc_row][vc_row full_width=&#8220;stretch_row_content_no_spaces&#8220; equal_height=&#8220;yes&#8220; content_placement=&#8220;middle&#8220; parallax=&#8220;content-moving&#8220; parallax_image=&#8220;9347&#8243; bg_type=&#8220;image&#8220; parallax_style=&#8220;vcpb-default&#8220; bg_image_repeat=&#8220;no-repeat&#8220; bg_img_attach=&#8220;fixed&#8220;][vc_column width=&#8220;1\/2&#8243; el_class=&#8220;dt-sc-quaternary-skin-highlight no-margin&#8220;][\/vc_column][vc_column width=&#8220;1\/2&#8243; css=&#8220;.vc_custom_1501849674193{padding-top: 0px !important;padding-right: 12% [&hellip;]<\/p>\n","protected":false},"author":1,"featured_media":0,"parent":0,"menu_order":0,"comment_status":"closed","ping_status":"closed","template":"","meta":{"footnotes":""},"class_list":["post-8514","page","type-page","status-publish","hentry"],"_links":{"self":[{"href":"https:\/\/www.sonnengarten-ruhstorf.de\/index.php\/wp-json\/wp\/v2\/pages\/8514","targetHints":{"allow":["GET"]}}],"collection":[{"href":"https:\/\/www.sonnengarten-ruhstorf.de\/index.php\/wp-json\/wp\/v2\/pages"}],"about":[{"href":"https:\/\/www.sonnengarten-ruhstorf.de\/index.php\/wp-json\/wp\/v2\/types\/page"}],"author":[{"embeddable":true,"href":"https:\/\/www.sonnengarten-ruhstorf.de\/index.php\/wp-json\/wp\/v2\/users\/1"}],"replies":[{"embeddable":true,"href":"https:\/\/www.sonnengarten-ruhstorf.de\/index.php\/wp-json\/wp\/v2\/comments?post=8514"}],"version-history":[{"count":15,"href":"https:\/\/www.sonnengarten-ruhstorf.de\/index.php\/wp-json\/wp\/v2\/pages\/8514\/revisions"}],"predecessor-version":[{"id":9902,"href":"https:\/\/www.sonnengarten-ruhstorf.de\/index.php\/wp-json\/wp\/v2\/pages\/8514\/revisions\/9902"}],"wp:attachment":[{"href":"https:\/\/www.sonnengarten-ruhstorf.de\/index.php\/wp-json\/wp\/v2\/media?parent=8514"}],"curies":[{"name":"wp","href":"https:\/\/api.w.org\/{rel}","templated":true}]}}