{"id":7922,"date":"2017-07-19T10:48:20","date_gmt":"2017-07-19T10:48:20","guid":{"rendered":"https:\/\/www.sonnengarten-ruhstorf.de\/?page_id=7922"},"modified":"2025-10-29T11:43:55","modified_gmt":"2025-10-29T10:43:55","slug":"region-lage","status":"publish","type":"page","link":"https:\/\/www.sonnengarten-ruhstorf.de\/index.php\/region-lage\/","title":{"rendered":"Region"},"content":{"rendered":"<div class=\"wpb-content-wrapper\"><p>[vc_row][vc_column]<div class='dt-sc-title script-with-sub-title aligncenter'><h6>Lebensfreude im Herzen des B\u00e4derdreiecks<\/h6><h2><strong>Auf gut bayerisch<\/strong> geniessen.<\/h2><\/div>[vc_column_text]<\/p>\n<h3 style=\"text-align: center;\">Mobilit\u00e4t ist auch ein Zeichen von Genu\u00df: Alle Bewohner des Haus Sonnengarten profitieren von der sehr zentralen Lage und den guten Verkehrsanbindungen.<\/h3>\n<p>[\/vc_column_text][vc_column_text]Einkaufsm\u00f6glichkeiten, \u00c4rzte, Apotheken, Banken und Beh\u00f6rden und sogar das Hallenbad sind bequem auch zu Fu\u00df erreichbar. Dar\u00fcber hinaus bietet die Gemeinde Ruhstorf ein umfangreiches Freizeit- und Erholungsangebot \u2013 weitere Informationen finden sich unter: <a href=\"http:\/\/www.ruhstorf.de\/\" target=\"_blank\" rel=\"noopener noreferrer\">www.ruhstorf.de<\/a>[\/vc_column_text][vc_single_image image=&#8220;9225&#8243; img_size=&#8220;full&#8220; add_caption=&#8220;yes&#8220; alignment=&#8220;center&#8220; css=&#8220;.vc_custom_1561547113422{margin-top: 30px !important;margin-bottom: 30px !important;background-position: center !important;background-repeat: no-repeat !important;background-size: cover !important;}&#8220;]<div class=\"ult-spacer spacer-6a059bcf9a9e0\" data-id=\"6a059bcf9a9e0\" data-height=\"40\" data-height-mobile=\"20\" data-height-tab=\"30\" data-height-tab-portrait=\"30\" data-height-mobile-landscape=\"20\" style=\"clear:both;display:block;\"><\/div>[\/vc_column][\/vc_row][vc_row][vc_column]<div class=\"ult-spacer spacer-6a059bcf9a9f3\" data-id=\"6a059bcf9a9f3\" data-height=\"35\" data-height-mobile=\"35\" data-height-tab=\"35\" data-height-tab-portrait=\"\" data-height-mobile-landscape=\"\" style=\"clear:both;display:block;\"><\/div>[vc_row_inner][vc_column_inner width=&#8220;1\/2&#8243;]<h3>Hier kommen Leib und Seele auf Ihre Kosten<\/h3>[vc_column_text]Nur wenige Kilometer entfernt liegen die bekannten Kurorte Bad F\u00fcssing, Bad Griesbach und Bad Birnbach, die gemeinsam das bekannte niederbayerische B\u00e4derdreieck s\u00fcdlich von Passau bilden. Die St\u00e4dte Passau und Pocking bieten zudem noch attraktive Einkaufs-, Sport- und Freizeitm\u00f6glichkeiten.[\/vc_column_text][\/vc_column_inner][vc_column_inner width=&#8220;1\/2&#8243;][vc_column_text]<strong>Mehr dazu unter:<\/strong><\/p>\n<p><a href=\"http:\/\/www.bad-fuessing.de\/\" target=\"_blank\" rel=\"noopener noreferrer\">www.bad-fuessing.de<\/a><\/p>\n<p><a href=\"http:\/\/www.badbirnbach.de\/\" target=\"_blank\" rel=\"noopener noreferrer\">www.badbirnbach.de<\/a><\/p>\n<p><a href=\"http:\/\/www.bad-griesbach.de\/\" target=\"_blank\" rel=\"noopener noreferrer\">http:\/\/www.bad-griesbach.de<\/a><\/p>\n<p><a href=\"http:\/\/www.pocking.de\/\" target=\"_blank\" rel=\"noopener noreferrer\">http:\/\/www.pocking.de<\/a><\/p>\n<p><a href=\"https:\/\/www.passau.de\/\" target=\"_blank\" rel=\"noopener noreferrer\">https:\/\/www.passau.de<\/a>[\/vc_column_text][\/vc_column_inner][\/vc_row_inner][\/vc_column][\/vc_row][vc_row][vc_column]<div class=\"ult-spacer spacer-6a059bcf9aa07\" data-id=\"6a059bcf9aa07\" data-height=\"100\" data-height-mobile=\"30\" data-height-tab=\"60\" data-height-tab-portrait=\"60\" data-height-mobile-landscape=\"30\" style=\"clear:both;display:block;\"><\/div>[\/vc_column][\/vc_row][vc_row full_width=&#8220;stretch_row&#8220; bg_type=&#8220;image&#8220; parallax_style=&#8220;vcpb-mlvp-jquery&#8220; layer_image=&#8220;9091&#8243; bg_override=&#8220;ex-full&#8220; enable_overlay=&#8220;enable_overlay_value&#8220; el_class=&#8220;dt-sc-dark-bg&#8220;][vc_column el_align=&#8220;center&#8220;]<div class=\"ult-spacer spacer-6a059bcf9aa13\" data-id=\"6a059bcf9aa13\" data-height=\"100\" data-height-mobile=\"30\" data-height-tab=\"60\" data-height-tab-portrait=\"60\" data-height-mobile-landscape=\"30\" style=\"clear:both;display:block;\"><\/div><div class='dt-sc-title script-with-sub-title '><h2>Perfekt f\u00fcr sonnige Momente<\/h2><h3><\/h3><\/div><h2>Ruhstorf ist das ideale Daheim f\u00fcr den Sonnengarten<\/h2><a href='https:\/\/www.ruhstorf.de' target='_blank' title='' class='dt-sc-button   small   bordered  default' > Ruhstorf an der Rott <\/a><div class=\"ult-spacer spacer-6a059bcf9aa4f\" data-id=\"6a059bcf9aa4f\" data-height=\"100\" data-height-mobile=\"30\" data-height-tab=\"60\" data-height-tab-portrait=\"60\" data-height-mobile-landscape=\"30\" style=\"clear:both;display:block;\"><\/div>[\/vc_column][\/vc_row][vc_row][vc_column]<div class=\"ult-spacer spacer-6a059bcf9aa5b\" data-id=\"6a059bcf9aa5b\" data-height=\"100\" data-height-mobile=\"30\" data-height-tab=\"60\" data-height-tab-portrait=\"60\" data-height-mobile-landscape=\"30\" style=\"clear:both;display:block;\"><\/div><div class='dt-sc-title script-with-sub-title '><h2><strong>Ausfl\u00fcge in die nahe Umgebung von<\/strong> Ruhstorf an der Rott<\/h2><h3><\/h3><\/div>[\/vc_column][\/vc_row][vc_row bg_type=&#8220;bg_color&#8220; bg_override=&#8220;ex-full&#8220;][vc_column width=&#8220;1\/3&#8243;][vc_single_image image=&#8220;9854&#8243; img_size=&#8220;full&#8220;]<h2>Ruhstorf<\/h2>[vc_column_text]<\/p>\n<p class=\"csc-firstHeader\">Ruhstorf an der Rott liegt im unteren Rottal. Die Landesgrenze zu \u00d6sterreich ist nur zehn Kilometer, die Grenze zu Tschechien nur 75 km entfernt. Das Marktgemeindegebiet umfa\u00dft ca. 51 Quadratkilometer.<\/p>\n<p>[\/vc_column_text][\/vc_column][vc_column width=&#8220;1\/3&#8243;][vc_single_image image=&#8220;9447&#8243; img_size=&#8220;full&#8220; css=&#8220;.vc_custom_1568377426743{background-image: url(https:\/\/www.sonnengarten-ruhstorf.de\/wp-content\/uploads\/2019\/06\/Pocking-2-1.jpg?id=9447) !important;}&#8220;]<h2>Pocking<\/h2>[vc_column_text]\u00c4rzte, Einkaufsm\u00f6glichkeiten und das beliebte B\u00fcrgerfest sind die Markenzeichen der sympathischen Kleinstadt im Herzen des B\u00e4derdreiecks.[\/vc_column_text][\/vc_column][vc_column width=&#8220;1\/3&#8243;][vc_single_image image=&#8220;9872&#8243; img_size=&#8220;full&#8220; alignment=&#8220;center&#8220; css=&#8220;.vc_custom_1568379937470{background-image: url(https:\/\/www.sonnengarten-ruhstorf.de\/wp-content\/uploads\/2019\/06\/Passau2-4.jpg?id=9454) !important;}&#8220;]<h2>Bad F\u00fcssing<\/h2>[vc_column_text]\u00dcber den beliebtesten Kurort Europas muss man keine Worte verlieren, das ber\u00fchmte Thermalwasser samt Thermen spricht f\u00fcr sich.[\/vc_column_text][\/vc_column][\/vc_row][vc_row bg_type=&#8220;bg_color&#8220; bg_override=&#8220;ex-full&#8220;][vc_column width=&#8220;1\/3&#8243;][vc_single_image image=&#8220;9598&#8243; img_size=&#8220;full&#8220; css=&#8220;.vc_custom_1561547789253{background-image: url(https:\/\/www.sonnengarten-ruhstorf.de\/wp-content\/uploads\/2019\/06\/Pocking-2-1.jpg?id=9447) !important;}&#8220;]<h2>Bad Birnbach<\/h2>[vc_column_text]Fast noch ein Geheimtipp ist Bad Birnbach, das bayerische Gem\u00fctlichkeit mit modernster Badekultur verbindet. F\u00fcr Kenner.[\/vc_column_text][\/vc_column][vc_column width=&#8220;1\/3&#8243;][vc_single_image image=&#8220;9454&#8243; img_size=&#8220;full&#8220; css=&#8220;.vc_custom_1568044663955{background-image: url(https:\/\/www.sonnengarten-ruhstorf.de\/wp-content\/uploads\/2019\/06\/Passau2-4.jpg?id=9454) !important;}&#8220;]<h2>Passau<\/h2>[vc_column_text]Kultur, Shoppen, Events und drei Fl\u00fcsse: Passau ist immer einen Ausflug wert \u2013 und dabei nur 25 km entfernt.[\/vc_column_text][\/vc_column][vc_column width=&#8220;1\/3&#8243;][vc_single_image image=&#8220;9855&#8243; img_size=&#8220;full&#8220; css=&#8220;.vc_custom_1568377508039{background-image: url(https:\/\/www.sonnengarten-ruhstorf.de\/wp-content\/uploads\/2019\/09\/Schhaerding600x600-2.jpg?id=9855) !important;}&#8220;]<h2>Sch\u00e4rding in \u00d6sterreich<\/h2>[vc_column_text]Fast schon eine Zeitreise ist ein Besuch im barocken Sch\u00e4rding in \u00d6sterreich. Hier treffen kulinarische K\u00f6stlichkeiten auf ein wundersch\u00f6nes Ambiente.[\/vc_column_text][\/vc_column][\/vc_row][vc_row][vc_column]<div class=\"ult-spacer spacer-6a059bcf9aa81\" data-id=\"6a059bcf9aa81\" data-height=\"45\" data-height-mobile=\"35\" data-height-tab=\"45\" data-height-tab-portrait=\"45\" data-height-mobile-landscape=\"35\" style=\"clear:both;display:block;\"><\/div>[\/vc_column][\/vc_row][vc_row][vc_column]<div class=\"ult-spacer spacer-6a059bcf9aa8b\" data-id=\"6a059bcf9aa8b\" data-height=\"100\" data-height-mobile=\"30\" data-height-tab=\"60\" data-height-tab-portrait=\"60\" data-height-mobile-landscape=\"30\" style=\"clear:both;display:block;\"><\/div><div class='dt-sc-title script-with-sub-title aligncenter'><h2><\/h2><h3><strong>Unterst\u00fctze<\/strong> Aktivit\u00e4t<\/h3><\/div><div class=\"ult-spacer spacer-6a059bcf9aa99\" data-id=\"6a059bcf9aa99\" data-height=\"50\" data-height-mobile=\"20\" data-height-tab=\"30\" data-height-tab-portrait=\"30\" data-height-mobile-landscape=\"20\" style=\"clear:both;display:block;\"><\/div>[vc_row_inner][vc_column_inner width=&#8220;1\/4&#8243;]<div class='dt-sc-icon-box type3 dt-sc-rounded'><div class=\"icon-wrapper\"><span class='fa fa-volume-control-phone'> <\/span><\/div><div class=\"icon-content\"><h4>Anruf gen\u00fcgt<\/h4><p>Wenn ein Arztbesuch ansteht \u2013 wir unterst\u00fctzen Sie in allen Fragen der Mobilit\u00e4t.<\/p><\/div><\/div>[\/vc_column_inner][vc_column_inner width=&#8220;1\/4&#8243;]<div class='dt-sc-icon-box type3 dt-sc-rounded'><div class=\"icon-wrapper\"><span class='fa fa-wheelchair-alt'> <\/span><\/div><div class=\"icon-content\"><h4>Keine Barrieren<\/h4><p>Die Bewohner im Haus Sonnengarten k\u00f6nnen auch bei eingeschr\u00e4nkter Beweglichkeit an allen Aktivit\u00e4ten des Hauses teilnehmen, denn Barrierefreiheit wird bei uns gro\u00df geschrieben.<\/p><\/div><\/div>[\/vc_column_inner][vc_column_inner width=&#8220;1\/4&#8243;]<div class='dt-sc-icon-box type3 dt-sc-rounded'><div class=\"icon-wrapper\"><span class='fa fa-clock-o'> <\/span><\/div><div class=\"icon-content\"><h4>P\u00fcnktlich wie die Uhr<\/h4><p>Bei allen Unternehmungen die das Haus Sonnengarten anbietet achten wir immer auf Termintreue und Zuverl\u00e4ssigkeit damit Sie diese Zeit voll und ganz genie\u00dfen k\u00f6nnen.<\/p><\/div><\/div>[\/vc_column_inner][vc_column_inner width=&#8220;1\/4&#8243;]<div class='dt-sc-icon-box type3 dt-sc-rounded'><div class=\"icon-wrapper\"><span class='fa fa-calendar'> <\/span><\/div><div class=\"icon-content\"><h4>Jeder Tag ist besonders<\/h4><p>Ein Blick in den Kalender zeigt, dass im Haus Sonnengarten immer etwas besonderes geboten wird. Von Feiern \u00fcber Hobbys bis hin zu Ausfl\u00fcgen reicht hier das Spektrum.<\/p><\/div><\/div>[\/vc_column_inner][\/vc_row_inner]<div class=\"ult-spacer spacer-6a059bcf9aafc\" data-id=\"6a059bcf9aafc\" data-height=\"100\" data-height-mobile=\"30\" data-height-tab=\"60\" data-height-tab-portrait=\"60\" data-height-mobile-landscape=\"30\" style=\"clear:both;display:block;\"><\/div>[\/vc_column][\/vc_row]<\/p>\n<\/div>","protected":false},"excerpt":{"rendered":"<p>[vc_row][vc_column][vc_column_text] Mobilit\u00e4t ist auch ein Zeichen von Genu\u00df: Alle Bewohner des Haus Sonnengarten profitieren von der sehr zentralen Lage und den guten Verkehrsanbindungen. [\/vc_column_text][vc_column_text]Einkaufsm\u00f6glichkeiten, \u00c4rzte, Apotheken, Banken und Beh\u00f6rden und sogar das Hallenbad sind bequem auch zu Fu\u00df erreichbar. Dar\u00fcber hinaus bietet die Gemeinde Ruhstorf ein umfangreiches Freizeit- und Erholungsangebot \u2013 weitere Informationen finden sich [&hellip;]<\/p>\n","protected":false},"author":1,"featured_media":0,"parent":0,"menu_order":0,"comment_status":"closed","ping_status":"closed","template":"","meta":{"footnotes":""},"class_list":["post-7922","page","type-page","status-publish","hentry"],"_links":{"self":[{"href":"https:\/\/www.sonnengarten-ruhstorf.de\/index.php\/wp-json\/wp\/v2\/pages\/7922","targetHints":{"allow":["GET"]}}],"collection":[{"href":"https:\/\/www.sonnengarten-ruhstorf.de\/index.php\/wp-json\/wp\/v2\/pages"}],"about":[{"href":"https:\/\/www.sonnengarten-ruhstorf.de\/index.php\/wp-json\/wp\/v2\/types\/page"}],"author":[{"embeddable":true,"href":"https:\/\/www.sonnengarten-ruhstorf.de\/index.php\/wp-json\/wp\/v2\/users\/1"}],"replies":[{"embeddable":true,"href":"https:\/\/www.sonnengarten-ruhstorf.de\/index.php\/wp-json\/wp\/v2\/comments?post=7922"}],"version-history":[{"count":57,"href":"https:\/\/www.sonnengarten-ruhstorf.de\/index.php\/wp-json\/wp\/v2\/pages\/7922\/revisions"}],"predecessor-version":[{"id":10651,"href":"https:\/\/www.sonnengarten-ruhstorf.de\/index.php\/wp-json\/wp\/v2\/pages\/7922\/revisions\/10651"}],"wp:attachment":[{"href":"https:\/\/www.sonnengarten-ruhstorf.de\/index.php\/wp-json\/wp\/v2\/media?parent=7922"}],"curies":[{"name":"wp","href":"https:\/\/api.w.org\/{rel}","templated":true}]}}